at is the remainder when ((-5096)/(-20) + (-17)/(-85))*92 is divided by 33?
30
Suppose -5*b - 25 = 0, 4*m - b = 476 + 129. Calculate the remainder when 296 is divided by m.
146
Let x = -59 - 1255. Let m be 6/(-15) + x/(-10). Suppose -3*s + m = 35. What is the remainder when 254 is divided by s?
30
Suppose -4*d + 12*d - 5448 = 0. Suppose -4*b = -755 - d. Calculate the remainder when b is divided by 19.
17
Suppose -7*x = -1231 + 19676. Calculate the remainder when 1/(x/3604 + 3/4) is divided by 17.
2
Suppose 3*n - 75 = -n + 3*d, 4*n - 67 = -5*d. What is the remainder when 673 is divided by n?
7
Let a be 16/5*(31 - 11). Suppose -a = -0*h - 4*h. Suppose -2*o + 15 = o. What is the remainder when h is divided by o?
1
What is the remainder when ((-500)/(-15))/((-19)/36 - 30/(-40)) is divided by 90?
60
Let q = 13 - 10. Suppose -2*c + q*p = -17, -54 = -c - 2*c - 5*p. Calculate the remainder when -11 + 85 + 1 + 0 is divided by c.
10
Let w = 15800 - 14935. Suppose -c = -9 - 5. Calculate the remainder when w is divided by c.
11
Let q be (-2)/5*(707/(-14) - -3). Suppose -q*i + 17 = a - 18*i, 4*a + i - 53 = 0. Suppose z - 9 = 13. What is the remainder when z is divided by a?
10
Let q be (3 + 23)*(1 + 4 + -6). What is the remainder when 18 is divided by q/(2/13 - 56/26)?
5
Suppose -2*k + 3*w + 115 = 0, -3*k + 5*w - 40 = -211. What is the remainder when 184 is divided by k?
60
Let z(r) = r**3 - 3*r**2 - 17. Let a be z(4). Calculate the remainder when (2 + -1)/(a/(-21)) is divided by 5.
1
Suppose 5*x - w - 147 = 0, 3*w + 11 = 5. Suppose 0*u = -5*u + 15. Suppose -4*t - p = -u*p - 298, -5*p + 91 = t. Calculate the remainder when t is divided by x.
18
Let f = -4874 - -5003. What is the remainder when 4383 is divided by f?
126
Suppose 348*g - 339*g + 12560 = 36266. Calculate the remainder when g is divided by 91.
86
Let u = 2773 - 2689. Calculate the remainder when 198 is divided by u.
30
Let b = -641 - -650. Let u(x) = 2*x**2 - 11*x - 45. Calculate the remainder when 138 is divided by u(b).
12
Let v be 2 + -1 + 12/(-4) - -6. Suppose -v*s = -2*x + 118, -4*x + 4*s + 191 = -65. Calculate the remainder when x is divided by 8.
5
Suppose 2*i - 3 = -i + 5*f, -4*f + 18 = i. Let q be (-1653)/(-21) - 7/((-147)/i). Let a = q - 49. Calculate the remainder when 110 is divided by a.
20
Let j(r) = -r**3 - 154*r**2 - 194*r - 609. What is the remainder when j(-153) is divided by 45?
39
Suppose -2167 = -61*w + 199 + 5869. What is the remainder when 649 is divided by w?
109
What is the remainder when (-708240)/(-1872)*3/5 is divided by 33?
29
Suppose 4*p + 4*m - 292 = 0, 17*p - 21*p + 4*m = -236. What is the remainder when 384 is divided by p?
54
Let t = -2347 + 2883. Calculate the remainder when t is divided by 28.
4
Let w = -4319 + 4329. What is the remainder when 286 is divided by w?
6
What is the remainder when 194 is divided by 25/(-2200)*-48 + (-2106)/(-11)?
2
Suppose -4*v + 2*a = -6*v + 308, 5*v + 2*a - 758 = 0. Suppose -v*f - 28 = -154*f. Calculate the remainder when 36 is divided by f.
1
Let s = 1526 + -1035. Let p(x) = -20*x - 239. Calculate the remainder when s is divided by p(-14).
40
Let l(i) = 3*i**2 + 2*i - 103. Let s be l(8). Suppose -8*t - s + 449 = 0. What is the remainder when 253 is divided by t?
38
Suppose 6*v - 5*w - 185 = v, -5*w = 3*v - 119. What is the remainder when 8 - (-4 - (0 + v)) is divided by 15?
5
Let b(c) = -73*c - 882. Let s be b(-12). Let u(j) = -2*j**3 - 11*j**2 + j - 12. Suppose 4*h + 135 = 7*h. What is the remainder when h is divided by u(s)?
9
Let v(q) = 8*q**2 - 16*q + 47. Let w be v(5). Suppose 0 = 4*x - 0*l + l - w, 0 = -4*l + 12. Calculate the remainder when 79 is divided by x.
38
Suppose 1941*o = 1938*o + 12. Suppose -3*r - 49 = -o*d, -9*d + 8*d = 2*r - 4. What is the remainder when 379 is divided by d?
9
Suppose 4*k = -4*t + 88, 0 = t - 16*k + 12*k - 47. Calculate the remainder when 1370 is divided by t.
20
Let t(s) = -6*s**2 + 12*s - 39. Let a be t(3). Let u = a - -69. What is the remainder when 70 is divided by u?
10
Suppose -2*d + 59 = 3. Let a(b) = 28*b**2 - 253*b + 1180. What is the remainder when a(5) is divided by d?
27
Suppose -310 = 17*l - 10663. Calculate the remainder when l is divided by 607.
2
Suppose -147*p + 85659 - 22816 = 172*p. Calculate the remainder when 424 is divided by p.
30
Suppose 0 = -n + 3 + 19. Let z = 18958 - 18813. What is the remainder when z is divided by n?
13
Let z = -571 - -574. Let t(i) = -24*i + 82. What is the remainder when 14 is divided by t(z)?
4
Let k = -469 - -470. Let y(l) = 87*l**2 - 16*l + 16. What is the remainder when y(k) is divided by (-4)/(-20) + (-308)/(-10)?
25
Suppose -34*y - 4970 = -92*y - 12*y. Calculate the remainder when y is divided by 26.
19
Suppose 2*o = 3*f - 45, o - 57 = 3*o + f. What is the remainder when 8/(-6) - (1143/o - 1) is divided by 11?
9
Let j(g) = -g**3 - 4*g**2 + 10*g - 13. Let b be j(-7). Let z = b + -33. Suppose 0 = -6*n - 68 + 614. Calculate the remainder when n is divided by z.
29
Suppose 5*p - 201*r = -196*r + 1425, -3*p = -r - 843. Calculate the remainder when 823 is divided by p.
265
Let l = 32 + -36. Let t(i) = 2*i**3 - 2*i**2 - 2*i + 2. Calculate the remainder when (-370)/l - (-2)/4 is divided by t(3).
29
Let y(d) = -d**3 - 11*d**2 - 15*d - 23. What is the remainder when y(-14) is divided by 30?
25
Suppose 0 = -r + 8. Let t be 9/2*(400/15)/r. What is the remainder when (-836)/(-10) + (-9)/t is divided by 15?
8
Let j = -55611 + 55621. Let c = -57 + 144. Calculate the remainder when c is divided by j.
7
Let r = -3170 + 3319. What is the remainder when 1488 is divided by r?
147
Let n be 8/(-3)*(-4017)/52. Let h = 270 - n. What is the remainder when 182 is divided by h?
54
Suppose 42*v - 31790 - 29314 = 38772. What is the remainder when v is divided by 70?
68
Suppose 5*z - 804 = -3*h + 263, 0 = 5*h - 4*z - 1803. What is the remainder when h is divided by 272?
87
Suppose 0 = -17*o + 6573 - 6488. What is the remainder when 418 is divided by o?
3
Let z be 11 + -1 + 4 + 0. What is the remainder when -275*z/(-21)*(-9)/(-15) is divided by 19?
15
Suppose -1360 = -5*p + 4*c, -1385 = -8*p + 3*p - c. Let f = 356 - p. What is the remainder when f is divided by 27?
26
Let b(o) = o**2 - 62*o + 528. What is the remainder when 1855 is divided by b(52)?
7
Suppose -j - 4*j - 4*f + 40 = 0, -3*f + 27 = 3*j. Suppose i - 104 = -0*i - 5*l, j*l = 0. Suppose -22 = -3*p + i. What is the remainder when 125 is divided by p?
41
Let w(h) = -h**3 + 14*h**2 - 24*h. Let q be w(12). Let c be ((-5)/4)/((-2)/24 - q). Suppose o + 6 - c = 0. Calculate the remainder when 21 is divided by o.
3
Suppose -z = -2*k + 140, -2*k = 2*k - 20. Let t = -128 - z. Calculate the remainder when 30 is divided by t.
0
Let k = -7794 - -7797. Calculate the remainder when 127 is divided by k.
1
Let z be -5 + 7 + (231 - -3). Suppose 7*p - 16 = z. What is the remainder when 140 is divided by p?
32
Suppose 56 = 4*l - 2*s, 4*l + 5*s = -l + 100. Let f = 2574 + -2514. Calculate the remainder when f is divided by l.
12
Suppose -5*m - 5*j = -116 - 444, 0 = -3*m - 5*j + 336. Suppose 14*q - 1946 = -m. What is the remainder when q is divided by 27?
23
Let k = -1 + 32. What is the remainder when (-1)/3 - (-926)/6 is divided by k?
30
Let g be ((-4)/(-10))/((-7)/(-210)). Suppose 3*b + 23 = -m, -5*b = m + 11 + 30. Let j = g + b. Calculate the remainder when 17 is divided by j.
2
Suppose 0 = 5*s + 5*r + 5, -5*r - 5 = -7*s + 6*s. Suppose -9*z - 8*z + 425 = s. What is the remainder when 120 is divided by z?
20
Let l be (-194)/22 - (-36)/(-198). Calculate the remainder when 77 is divided by (-24)/l*(-207)/(-12).
31
Let w(r) = -6*r + 185. Let h = -14 - -27. Calculate the remainder when h is divided by w(30).
3
Let x = 706 - 490. Let a = x - 51. Calculate the remainder when a is divided by 28.
25
Let x = 57 - 41. Let v = -12060 - -12092. Calculate the remainder when v is divided by x.
0
Suppose 129 = 5*p - 3*u - 47, 4*p = -2*u + 132. Suppose -1 = d - 114. What is the remainder when d is divided by p?
11
Let n(i) = -i**3 - 7*i**2 - 10*i - 18. Suppose 0 = 6*o - o + 30. Let t be n(o). Suppose d = -0*d + t. What is the remainder when 17 is divided by d?
5
Let m = 1414 - 876. Let a = m + -466. What is the remainder when 430 is divided 